{"id":2999,"date":"2019-10-21T14:21:29","date_gmt":"2019-10-21T14:21:29","guid":{"rendered":"https:\/\/www.cultureelcafedalfsen.nl\/?page_id=2999"},"modified":"2020-01-24T15:40:35","modified_gmt":"2020-01-24T15:40:35","slug":"pag-mg-2020","status":"publish","type":"page","link":"https:\/\/www.cultureelcafedalfsen.nl\/index.php\/pag-mg-2020\/","title":{"rendered":"Meesters &#038; Gezellen 2020"},"content":{"rendered":"<p>&nbsp;<\/p>\n<div style=\"padding: 12px; font-size: 18px; background-color: #ffffff;\"><a class=\"mb-button mb-style-raised mb-size-default mb-corners-default mb-text-style-default \" style=\"background-color: #3b5998; float: right;\" href=\"https:\/\/www.cultureelcafedalfsen.nl\/index.php\/kaartjes-mg-2020\/\" target=\"_blank\" rel=\"noopener noreferrer\"> e-tickets<\/a><strong>Vrijdagavond 7 februari 2020, 20:30 uur.<\/strong><br \/>\n<strong>De Grote Kerk, Dalfsen<\/strong><strong><em><br \/>\n<\/em>Koorproject Meesters &amp; Gezellen 2020<\/strong>, o.l.v. <strong>Mathieu Romano<\/strong>, dirigent van het Parijse \u00e0 capella koor <strong>Aedes<\/strong>.<\/div>\n<div class=\"\u201dhr-actkop\u201d\"><\/div>\n<div class=\"hr-actkop\"><\/div>\n<div style=\"padding: 12px; background-color: #ffffff;\">\n<p>Deze keer is het motto van het concert<\/p>\n<p style=\"text-align: center;\"><strong><em>La Libert\u00e9 Int\u00e9rieure.<\/em><\/strong><\/p>\n<p><em><span style=\"font-size: 12pt;\">La Libert\u00e9 Int\u00e9rieure: je bent alleen van binnen echt vrij, zoals de gedichten van de gevangenen in de de liederencyclus Instant Limites (2012) van de componist Philippe Hersant zo prachig uitdrukken.<\/span><\/em><\/p>\n<p><em><span style=\"font-size: 12pt;\">Een aantal werken van Philip Hersant (geb. 1948) wordt\u00a0 voor het eerst uitgevoerd door Meesters en Gezellen, die hiermee een Nederlandse premi\u00e8re beleven.<\/span><\/em><\/p>\n<p><strong><em>\u00a0<\/em><\/strong>Voor veel Dalfser muziekliefhebber is de komst van Meester &amp; Gezellen naar ons dorp een jaarlijks hoogtepunt.<br \/>\nHet project Meesters &amp; Gezellen is in 2011 opgezet om professioneel opgeleide, jonge (solo)zangers te bekwamen in het zogenaamde ensemble zingen, het samen zingen in een koor. Dit zijn de <em>Gezellen. <\/em>De functie van de <em>Meesters <\/em>is het uitdragen van hun kennis en ervaring op het gebied van het ensemble zingen in hun eigen cultuur. Dit jaar heeft de Franse dirigent \u00a0Mathieu Romano de leiding over het koorproject. Hij wordt ondersteund door Geert Berghs, vocal coach en artistiek leider.<\/p>\n<p>Ieder land heeft zijn eigen koorcultuur. Vorig jaar had de dirigent van het Helsinki Kamerkoor Nils Schweckendiek zijn \u201ceigen Meesters\u201d meegenomen. Dit jaar heeft de Franse dirigent ook vier Meesters meegenomen van zijn Franse <em>Ensemble Aedes<\/em>: Laura Holm (sopraan), Lala Cortes Calafell (alt), Anthony Lo Papa (tenor) en Igor Bouin (bas).<\/p>\n<p>Iedere stemgroep bestaat uit een <em>Meester<\/em> en vijf <em>Gezellen. <\/em>In tien oefendagen smeedt de dirigent de Meesters en Gezellen tot een koor met een prachtige samenklank. Door de alom geroemde akoestiek van de Grote Kerk in Dalfsen komt dit volledig tot zijn recht\u00a0 en kan men genieten van hoogstaande, adembenemende koormuziek.<\/p>\n<p>Het programma:<br \/>\n\n<table id=\"tablepress-2\" class=\"tablepress tablepress-id-2\">\n<tbody>\n<tr class=\"row-1\">\n\t<td class=\"column-1\">Philippe Hersant (1948 - )<\/td><td class=\"column-2\"><em>Wanderung voor fagot en vrouwenkoor<\/em><\/td>\n<\/tr>\n<tr class=\"row-2\">\n\t<td class=\"column-1\"><\/td><td class=\"column-2\"><em>D\u00e9sert voor altfluit en mannenkoor<\/em><\/td>\n<\/tr>\n<tr class=\"row-3\">\n\t<td class=\"column-1\"><\/td><td class=\"column-2\"><em>Instants Limites voor gemengd koor<\/em><\/td>\n<\/tr>\n<tr class=\"row-4\">\n\t<td class=\"column-1\"><\/td><td class=\"column-2\"><\/td>\n<\/tr>\n<tr class=\"row-5\">\n\t<td class=\"column-1\">Francis Poulenc (1899 - 1963)<\/td><td class=\"column-2\"><em>Sept Chansons voor achtstemmig gemeng koor<\/em><\/td>\n<\/tr>\n<tr class=\"row-6\">\n\t<td class=\"column-1\"><\/td><td class=\"column-2\"><\/td>\n<\/tr>\n<tr class=\"row-7\">\n\t<td class=\"column-1\">Barbara (1930 - 1997)<\/td><td class=\"column-2\"><em>Septembre<\/em> (arr. Vincent Manac'h)<\/td>\n<\/tr>\n<tr class=\"row-8\">\n\t<td class=\"column-1\"><\/td><td class=\"column-2\"><em>La Mort<\/em> (arr. Manuel Peskine)<\/td>\n<\/tr>\n<tr class=\"row-9\">\n\t<td class=\"column-1\"><\/td><td class=\"column-2\"><\/td>\n<\/tr>\n<tr class=\"row-10\">\n\t<td class=\"column-1\">Jacques Brel (1929 - 1978)<\/td><td class=\"column-2\"><em>La Valse \u00e0 Mille Temps<\/em> (arr. Julien Joubert)<\/td>\n<\/tr>\n<\/tbody>\n<\/table>\n<!-- #tablepress-2 from cache --><\/p>\n<p>Kijk voor meer informatie op de <span style=\"text-decoration: underline;\"><strong><a href=\"http:\/\/www.tettix.nl\/\" target=\"_blank\" rel=\"noopener noreferrer\">website van M&amp;G 2020<\/a><\/strong><\/span>,\u00a0 daar staan ook interviews en opnames uit eerdere jaren.<\/p>\n<\/div>\n<p>&nbsp;<\/p>\n<div style=\"padding: 12px; background-color: #ffffff;\">\n<p style=\"text-align: center;\"><strong><span style=\"font-size: 16pt;\">&#8216;Van achter de Dijk&#8217;, columns van Foekje Dijk.<\/span><\/strong><\/p>\n<p><a href=\"https:\/\/www.cultureelcafedalfsen.nl\/index.php\/clm-mg2020\/\" target=\"_blank\" rel=\"noopener noreferrer\"><span style=\"text-decoration: underline;\"><strong>Lees de column &#8220;Vrij van binnen&#8221;<\/strong><\/span><\/a>\n<\/div>\n<p>&nbsp;<\/p>\n<div style=\"padding: 12px; background-color: #ffffff;\">\n<strong>Voorverkoop toegangskaarten<\/strong> (\u20ac 15,50):<\/p>\n<ul>\n<li><a href=\"https:\/\/www.cultureelcafedalfsen.nl\/index.php\/kaartjes-mg-2020\/\" target=\"_blank\" rel=\"noopener noreferrer\"><strong><span style=\"text-decoration: underline;\">Koop e-tickets door hier te klikken<\/span><\/strong><\/a><\/li>\n<li>Bij The Read Shop Schuurman, Bloemendalstraat 10, Dalfsen<\/li>\n<li>Bij Primera, Prinsenstraat 5C, Dalfsen<\/li>\n<\/ul>\n<p>De voorverkoop eindigt anderhalf uur voor de aanvang van de activiteit.<\/p>\n<\/div>\n<p>&nbsp;<\/p>\n<div style=\"padding: 12px; background-color: #ffffff; text-align: center;\"><strong>Met sponsoring van<\/strong><\/div>\n<div style=\"padding: 12px; background-color: #ffffff;\">\n<p><img loading=\"lazy\" decoding=\"async\" class=\"alignleft size-full wp-image-3224\" src=\"https:\/\/www.cultureelcafedalfsen.nl\/wp-content\/uploads\/2020\/01\/abracadabra.jpg\" alt=\"\" width=\"249\" height=\"127\" \/><img loading=\"lazy\" decoding=\"async\" class=\"wp-image-3230 size-full alignright\" src=\"https:\/\/www.cultureelcafedalfsen.nl\/wp-content\/uploads\/2020\/01\/logo-gemeente-dalfsen-1.jpg\" alt=\"\" width=\"248\" height=\"127\" \/><\/p>\n<p>&nbsp;<\/p>\n<\/div>\n<p>&nbsp;<\/p>\n<div style=\"padding: 12px; background-color: #fbfaf3;\">\n<p>Alle gegevens bij elkaar:<\/p>\n<table style=\"width: 100%;\">\n<tbody>\n<tr>\n<td style=\"width: 21.3793%;\">Wat<\/td>\n<td style=\"width: 78.4483%;\">Meesters &amp; Gezellen 2020<br \/>\nMet Mathieu Romano<\/td>\n<\/tr>\n<tr>\n<td style=\"width: 21.3793%;\">Wanneer<\/td>\n<td style=\"width: 78.4483%;\">Vrijdag 7 februari 2020, 20:30 uur<br \/>\nKerk open: 19:45 uur<\/td>\n<\/tr>\n<tr>\n<td style=\"width: 21.3793%;\">Waar<\/td>\n<td style=\"width: 78.4483%;\">Grote Kerk Dalfsen, Kerkplein 31, Dalfsen<\/td>\n<\/tr>\n<tr>\n<td style=\"width: 21.3793%;\">Entree<\/td>\n<td style=\"width: 78.4483%;\">\u20ac 15,50 in de voorverkoop, \u20ac 17,50 in de kerk<\/td>\n<\/tr>\n<tr>\n<td style=\"width: 21.3793%;\">Toegangskaarten<\/td>\n<td style=\"width: 78.4483%;\">\n<ul>\n<li><span style=\"text-decoration: underline;\"><strong><a href=\"https:\/\/www.cultureelcafedalfsen.nl\/index.php\/kaartjes-mg-2020\/\" target=\"_blank\" rel=\"noopener noreferrer\">Koop e-tickets door hier te klikken<\/a><br \/>\n<\/strong><\/span><\/li>\n<li>Bij The Read Shop Schuurman, Bloemendalstraat 10, Dalfsen<\/li>\n<li>Bij Primera, Prinsenstraat 5C, Dalfsen<\/li>\n<li>Aan de zaal<\/li>\n<\/ul>\n<\/td>\n<\/tr>\n<\/tbody>\n<\/table>\n<\/div>\n<p>&nbsp;<\/p>\n<div style=\"padding: 12px; background-color: #ffffff;\">Als u hieronder, in het kader met adresgegevens, op &#8216;Grotere kaart weergeven&#8217; klikt, opent zich een nieuw venster waarop de wegen duidelijker zijn aangegeven.<\/div>\n<div style=\"padding: 12px; background-color: #ffffff;\"><iframe loading=\"lazy\" style=\"border: 0;\" src=\"https:\/\/www.google.com\/maps\/embed?pb=!1m18!1m12!1m3!1d2428.570595117732!2d6.25910856606146!3d52.5050121298113!2m3!1f0!2f0!3f0!3m2!1i1024!2i768!4f13.1!3m3!1m2!1s0x47c7e1a4cfd478a1%3A0x1d014c3d645237a1!2sGrote+Kerk+Protestantse+Gemeente+te+Dalfsen!5e0!3m2!1snl!2snl!4v1565075689930!5m2!1snl!2snl\" width=\"600\" height=\"450\" frameborder=\"0\" allowfullscreen=\"allowfullscreen\"><\/iframe><\/div>\n","protected":false},"excerpt":{"rendered":"<p>&nbsp; e-ticketsVrijdagavond 7 februari 2020, 20:30 uur. De Grote Kerk, Dalfsen Koorproject Meesters &amp; Gezellen 2020, o.l.v. Mathieu Romano, dirigent van het Parijse \u00e0 capella koor Aedes. Deze keer is het motto van het concert La Libert\u00e9 Int\u00e9rieure. La Libert\u00e9 Int\u00e9rieure: je bent alleen van binnen echt vrij, zoals de gedichten van de gevangenen in &hellip; <a href=\"https:\/\/www.cultureelcafedalfsen.nl\/index.php\/pag-mg-2020\/\" class=\"more-link\">Lees verder <span class=\"screen-reader-text\">Meesters &#038; Gezellen 2020<\/span> <span class=\"meta-nav\">&rarr;<\/span><\/a><\/p>\n","protected":false},"author":1,"featured_media":0,"parent":0,"menu_order":0,"comment_status":"closed","ping_status":"closed","template":"page-basis.php","meta":{"_monsterinsights_skip_tracking":false,"_monsterinsights_sitenote_active":false,"_monsterinsights_sitenote_note":"","_monsterinsights_sitenote_category":0,"footnotes":"","_wp_rev_ctl_limit":""},"class_list":["post-2999","page","type-page","status-publish","hentry"],"_links":{"self":[{"href":"https:\/\/www.cultureelcafedalfsen.nl\/index.php\/wp-json\/wp\/v2\/pages\/2999","targetHints":{"allow":["GET"]}}],"collection":[{"href":"https:\/\/www.cultureelcafedalfsen.nl\/index.php\/wp-json\/wp\/v2\/pages"}],"about":[{"href":"https:\/\/www.cultureelcafedalfsen.nl\/index.php\/wp-json\/wp\/v2\/types\/page"}],"author":[{"embeddable":true,"href":"https:\/\/www.cultureelcafedalfsen.nl\/index.php\/wp-json\/wp\/v2\/users\/1"}],"replies":[{"embeddable":true,"href":"https:\/\/www.cultureelcafedalfsen.nl\/index.php\/wp-json\/wp\/v2\/comments?post=2999"}],"version-history":[{"count":4,"href":"https:\/\/www.cultureelcafedalfsen.nl\/index.php\/wp-json\/wp\/v2\/pages\/2999\/revisions"}],"predecessor-version":[{"id":3251,"href":"https:\/\/www.cultureelcafedalfsen.nl\/index.php\/wp-json\/wp\/v2\/pages\/2999\/revisions\/3251"}],"wp:attachment":[{"href":"https:\/\/www.cultureelcafedalfsen.nl\/index.php\/wp-json\/wp\/v2\/media?parent=2999"}],"curies":[{"name":"wp","href":"https:\/\/api.w.org\/{rel}","templated":true}]}}

<p>&nbsp;</p>
<div style="padding: 12px; font-size: 18px; background-color: #ffffff;"><a class="mb-button mb-style-raised mb-size-default mb-corners-default mb-text-style-default " style="background-color: #3b5998; float: right;" href="https://www.cultureelcafedalfsen.nl/index.php/kaartjes-mg-2020/" target="_blank" rel="noopener noreferrer"> e-tickets</a><strong>Vrijdagavond 7 februari 2020, 20:30 uur.</strong><br />
<strong>De Grote Kerk, Dalfsen</strong><strong><em><br />
</em>Koorproject Meesters &amp; Gezellen 2020</strong>, o.l.v. <strong>Mathieu Romano</strong>, dirigent van het Parijse à capella koor <strong>Aedes</strong>.</div>
<div class="”hr-actkop”"></div>
<div class="hr-actkop"></div>
<div style="padding: 12px; background-color: #ffffff;">
<p>Deze keer is het motto van het concert</p>
<p style="text-align: center;"><strong><em>La Liberté Intérieure.</em></strong></p>
<p><em><span style="font-size: 12pt;">La Liberté Intérieure: je bent alleen van binnen echt vrij, zoals de gedichten van de gevangenen in de de liederencyclus Instant Limites (2012) van de componist Philippe Hersant zo prachig uitdrukken.</span></em></p>
<p><em><span style="font-size: 12pt;">Een aantal werken van Philip Hersant (geb. 1948) wordt  voor het eerst uitgevoerd door Meesters en Gezellen, die hiermee een Nederlandse première beleven.</span></em></p>
<p><strong><em> </em></strong>Voor veel Dalfser muziekliefhebber is de komst van Meester &amp; Gezellen naar ons dorp een jaarlijks hoogtepunt.<br />
Het project Meesters &amp; Gezellen is in 2011 opgezet om professioneel opgeleide, jonge (solo)zangers te bekwamen in het zogenaamde ensemble zingen, het samen zingen in een koor. Dit zijn de <em>Gezellen. </em>De functie van de <em>Meesters </em>is het uitdragen van hun kennis en ervaring op het gebied van het ensemble zingen in hun eigen cultuur. Dit jaar heeft de Franse dirigent  Mathieu Romano de leiding over het koorproject. Hij wordt ondersteund door Geert Berghs, vocal coach en artistiek leider.</p>
<p>Ieder land heeft zijn eigen koorcultuur. Vorig jaar had de dirigent van het Helsinki Kamerkoor Nils Schweckendiek zijn “eigen Meesters” meegenomen. Dit jaar heeft de Franse dirigent ook vier Meesters meegenomen van zijn Franse <em>Ensemble Aedes</em>: Laura Holm (sopraan), Lala Cortes Calafell (alt), Anthony Lo Papa (tenor) en Igor Bouin (bas).</p>
<p>Iedere stemgroep bestaat uit een <em>Meester</em> en vijf <em>Gezellen. </em>In tien oefendagen smeedt de dirigent de Meesters en Gezellen tot een koor met een prachtige samenklank. Door de alom geroemde akoestiek van de Grote Kerk in Dalfsen komt dit volledig tot zijn recht  en kan men genieten van hoogstaande, adembenemende koormuziek.</p>
<p>Het programma:<br />

<table id="tablepress-2" class="tablepress tablepress-id-2">
<tbody>
<tr class="row-1">
	<td class="column-1">Philippe Hersant (1948 - )</td><td class="column-2"><em>Wanderung voor fagot en vrouwenkoor</em></td>
</tr>
<tr class="row-2">
	<td class="column-1"></td><td class="column-2"><em>Désert voor altfluit en mannenkoor</em></td>
</tr>
<tr class="row-3">
	<td class="column-1"></td><td class="column-2"><em>Instants Limites voor gemengd koor</em></td>
</tr>
<tr class="row-4">
	<td class="column-1"></td><td class="column-2"></td>
</tr>
<tr class="row-5">
	<td class="column-1">Francis Poulenc (1899 - 1963)</td><td class="column-2"><em>Sept Chansons voor achtstemmig gemeng koor</em></td>
</tr>
<tr class="row-6">
	<td class="column-1"></td><td class="column-2"></td>
</tr>
<tr class="row-7">
	<td class="column-1">Barbara (1930 - 1997)</td><td class="column-2"><em>Septembre</em> (arr. Vincent Manac'h)</td>
</tr>
<tr class="row-8">
	<td class="column-1"></td><td class="column-2"><em>La Mort</em> (arr. Manuel Peskine)</td>
</tr>
<tr class="row-9">
	<td class="column-1"></td><td class="column-2"></td>
</tr>
<tr class="row-10">
	<td class="column-1">Jacques Brel (1929 - 1978)</td><td class="column-2"><em>La Valse à Mille Temps</em> (arr. Julien Joubert)</td>
</tr>
</tbody>
</table>
<!-- #tablepress-2 from cache --></p>
<p>Kijk voor meer informatie op de <span style="text-decoration: underline;"><strong><a href="http://www.tettix.nl/" target="_blank" rel="noopener noreferrer">website van M&amp;G 2020</a></strong></span>,  daar staan ook interviews en opnames uit eerdere jaren.</p>
</div>
<p>&nbsp;</p>
<div style="padding: 12px; background-color: #ffffff;">
<p style="text-align: center;"><strong><span style="font-size: 16pt;">&#8216;Van achter de Dijk&#8217;, columns van Foekje Dijk.</span></strong></p>
<p><a href="https://www.cultureelcafedalfsen.nl/index.php/clm-mg2020/" target="_blank" rel="noopener noreferrer"><span style="text-decoration: underline;"><strong>Lees de column &#8220;Vrij van binnen&#8221;</strong></span></a>
</div>
<p>&nbsp;</p>
<div style="padding: 12px; background-color: #ffffff;">
<strong>Voorverkoop toegangskaarten</strong> (€ 15,50):</p>
<ul>
<li><a href="https://www.cultureelcafedalfsen.nl/index.php/kaartjes-mg-2020/" target="_blank" rel="noopener noreferrer"><strong><span style="text-decoration: underline;">Koop e-tickets door hier te klikken</span></strong></a></li>
<li>Bij The Read Shop Schuurman, Bloemendalstraat 10, Dalfsen</li>
<li>Bij Primera, Prinsenstraat 5C, Dalfsen</li>
</ul>
<p>De voorverkoop eindigt anderhalf uur voor de aanvang van de activiteit.</p>
</div>
<p>&nbsp;</p>
<div style="padding: 12px; background-color: #ffffff; text-align: center;"><strong>Met sponsoring van</strong></div>
<div style="padding: 12px; background-color: #ffffff;">
<p><img loading="lazy" decoding="async" class="alignleft size-full wp-image-3224" src="https://www.cultureelcafedalfsen.nl/wp-content/uploads/2020/01/abracadabra.jpg" alt="" width="249" height="127" /><img loading="lazy" decoding="async" class="wp-image-3230 size-full alignright" src="https://www.cultureelcafedalfsen.nl/wp-content/uploads/2020/01/logo-gemeente-dalfsen-1.jpg" alt="" width="248" height="127" /></p>
<p>&nbsp;</p>
</div>
<p>&nbsp;</p>
<div style="padding: 12px; background-color: #fbfaf3;">
<p>Alle gegevens bij elkaar:</p>
<table style="width: 100%;">
<tbody>
<tr>
<td style="width: 21.3793%;">Wat</td>
<td style="width: 78.4483%;">Meesters &amp; Gezellen 2020<br />
Met Mathieu Romano</td>
</tr>
<tr>
<td style="width: 21.3793%;">Wanneer</td>
<td style="width: 78.4483%;">Vrijdag 7 februari 2020, 20:30 uur<br />
Kerk open: 19:45 uur</td>
</tr>
<tr>
<td style="width: 21.3793%;">Waar</td>
<td style="width: 78.4483%;">Grote Kerk Dalfsen, Kerkplein 31, Dalfsen</td>
</tr>
<tr>
<td style="width: 21.3793%;">Entree</td>
<td style="width: 78.4483%;">€ 15,50 in de voorverkoop, € 17,50 in de kerk</td>
</tr>
<tr>
<td style="width: 21.3793%;">Toegangskaarten</td>
<td style="width: 78.4483%;">
<ul>
<li><span style="text-decoration: underline;"><strong><a href="https://www.cultureelcafedalfsen.nl/index.php/kaartjes-mg-2020/" target="_blank" rel="noopener noreferrer">Koop e-tickets door hier te klikken</a><br />
</strong></span></li>
<li>Bij The Read Shop Schuurman, Bloemendalstraat 10, Dalfsen</li>
<li>Bij Primera, Prinsenstraat 5C, Dalfsen</li>
<li>Aan de zaal</li>
</ul>
</td>
</tr>
</tbody>
</table>
</div>
<p>&nbsp;</p>
<div style="padding: 12px; background-color: #ffffff;">Als u hieronder, in het kader met adresgegevens, op &#8216;Grotere kaart weergeven&#8217; klikt, opent zich een nieuw venster waarop de wegen duidelijker zijn aangegeven.</div>
<div style="padding: 12px; background-color: #ffffff;"><iframe loading="lazy" style="border: 0;" src="https://www.google.com/maps/embed?pb=!1m18!1m12!1m3!1d2428.570595117732!2d6.25910856606146!3d52.5050121298113!2m3!1f0!2f0!3f0!3m2!1i1024!2i768!4f13.1!3m3!1m2!1s0x47c7e1a4cfd478a1%3A0x1d014c3d645237a1!2sGrote+Kerk+Protestantse+Gemeente+te+Dalfsen!5e0!3m2!1snl!2snl!4v1565075689930!5m2!1snl!2snl" width="600" height="450" frameborder="0" allowfullscreen="allowfullscreen"></iframe></div>

<p>&nbsp; e-ticketsVrijdagavond 7 februari 2020, 20:30 uur. De Grote Kerk, Dalfsen Koorproject Meesters &amp; Gezellen 2020, o.l.v. Mathieu Romano, dirigent van het Parijse à capella koor Aedes. Deze keer is het motto van het concert La Liberté Intérieure. La Liberté Intérieure: je bent alleen van binnen echt vrij, zoals de gedichten van de gevangenen in &hellip; <a href="https://www.cultureelcafedalfsen.nl/index.php/pag-mg-2020/" class="more-link">Lees verder <span class="screen-reader-text">Meesters &#038; Gezellen 2020</span> <span class="meta-nav">&rarr;</span></a></p>
